-- phpMyAdmin SQL Dump
-- version 4.8.5
-- https://www.phpmyadmin.net/
--
-- Hôte : 127.0.0.1:3306
-- Généré le :  jeu. 19 déc. 2019 à 08:50
-- Version du serveur :  5.7.26
-- Version de PHP :  7.2.18

SET SQL_MODE = "NO_AUTO_VALUE_ON_ZERO";
SET AUTOCOMMIT = 0;
START TRANSACTION;
SET time_zone = "+00:00";


/*!40101 SET @OLD_CHARACTER_SET_CLIENT=@@CHARACTER_SET_CLIENT */;
/*!40101 SET @OLD_CHARACTER_SET_RESULTS=@@CHARACTER_SET_RESULTS */;
/*!40101 SET @OLD_COLLATION_CONNECTION=@@COLLATION_CONNECTION */;
/*!40101 SET NAMES utf8mb4 */;

--
-- Base de données :  `bdd3`
--

-- --------------------------------------------------------

--
-- Structure de la table `etudiant`
--

DROP TABLE IF EXISTS `etudiant`;
CREATE TABLE IF NOT EXISTS `etudiant` (
  `matricule` varchar(12) COLLATE utf8_unicode_ci NOT NULL,
  `nom` varchar(20) COLLATE utf8_unicode_ci NOT NULL,
  PRIMARY KEY (`matricule`)
) ENGINE=MyISAM DEFAULT CHARSET=utf8 COLLATE=utf8_unicode_ci;

--
-- Déchargement des données de la table `etudiant`
--

INSERT INTO `etudiant` (`matricule`, `nom`) VALUES
('11111', 'etudiant1'),
('22222', 'etudiant2'),
('33333', 'etudiant3');

-- --------------------------------------------------------

--
-- Structure de la table `module`
--

DROP TABLE IF EXISTS `module`;
CREATE TABLE IF NOT EXISTS `module` (
  `numM` int(2) NOT NULL,
  `libelle` varchar(20) COLLATE utf8_unicode_ci NOT NULL,
  `coef` int(1) NOT NULL,
  PRIMARY KEY (`numM`)
) ENGINE=InnoDB DEFAULT CHARSET=utf8 COLLATE=utf8_unicode_ci;

--
-- Déchargement des données de la table `module`
--

INSERT INTO `module` (`numM`, `libelle`, `coef`) VALUES
(1, 'module1', 2),
(2, 'module2', 3),
(3, 'module3', 2),
(4, 'module4', 2),
(5, 'module5', 1);

-- --------------------------------------------------------

--
-- Structure de la table `obtient`
--

DROP TABLE IF EXISTS `obtient`;
CREATE TABLE IF NOT EXISTS `obtient` (
  `numM` int(2) NOT NULL,
  `matricule` varchar(12) COLLATE utf8_unicode_ci NOT NULL,
  `note` double(5,2) NOT NULL,
  KEY `numM` (`numM`),
  KEY `matricule` (`matricule`)
) ENGINE=InnoDB DEFAULT CHARSET=utf8 COLLATE=utf8_unicode_ci;

--
-- Déchargement des données de la table `obtient`
--

INSERT INTO `obtient` (`numM`, `matricule`, `note`) VALUES
(1, '11111', 12.00),
(2, '11111', 3.00),
(3, '11111', 15.00),
(4, '11111', 8.00),
(5, '11111', 7.00),
(1, '22222', 16.00),
(2, '22222', 13.00),
(3, '22222', 16.00),
(4, '22222', 18.00),
(5, '22222', 20.00),
(1, '33333', 16.00),
(2, '33333', 5.00),
(3, '33333', 16.00),
(4, '33333', 10.00),
(5, '33333', 0.00);
COMMIT;

/*!40101 SET CHARACTER_SET_CLIENT=@OLD_CHARACTER_SET_CLIENT */;
/*!40101 SET CHARACTER_SET_RESULTS=@OLD_CHARACTER_SET_RESULTS */;
/*!40101 SET COLLATION_CONNECTION=@OLD_COLLATION_CONNECTION */;
